+ (-18)/45. Let o = -120 - z. Let c(m) = -m + 3. Determine c(o).
-2
Let h(q) be the third derivative of q**6/120 + 7*q**5/60 + 5*q**4/24 + 7*q**3/6 - 5*q**2 + 584*q. Calculate h(-5).
32
Let b(j) = 43*j - 129. Suppose -406*k = -78*k - 673 - 311. Give b(k).
0
Let k(s) = 2*s + 6. Let r(b) = -b**3 + b**2 - b - 1. Let q(m) = 5*m**3 - 63*m**2 + 61*m + 9. Let o(v) = -q(v) - 3*r(v). Let j be o(29). Determine k(j).
-6
Let u(k) = 19*k**2 + 41*k - 193. Let b(y) = -6*y**2 - 13*y + 58. Let q(n) = 10*b(n) + 3*u(n). What is q(-7)?
-97
Let v(o) = -o**3 + 19*o**2 + 11. Suppose -15*x - 4*n = -16*x + 27, -192 = -10*x + n. Calculate v(x).
11
Let g be (1 + 3)*((-55)/(-20) + -2). Suppose 5*t + 3*o - 24 = 6*o, -4*o = -g*t + 21. Let i(q) = -q**3 + 3*q**2 + q + 4. Give i(t).
7
Let y(s) be the first derivative of -25*s**2/2 - s + 107. Calculate y(1).
-26
Let a(t) be the first derivative of t**2/2 - 8*t - 1. Let v(l) = -65*l - 2588. Let o be v(-40). What is a(o)?
4
Suppose 0 = 6*g - 5*g - 3. Suppose -g*k - l + 24 = 0, -4*k + 3*l + 24 = -21. Suppose k*r = 8 - 44. Let v(u) = -u**2 - 7*u. Give v(r).
12
Let p(s) = 8*s**2 - 128*s + 57. Let c(x) = -x**2 + 26*x - 11. Let b(n) = -11*c(n) - 2*p(n). Determine b(-6).
7
Let s(b) be the first derivative of -b**3/3 + 11*b**2 - 3*b - 4925. What is s(25)?
-78
Let n(r) = -r + 1. Let j = 3019 - 3081. Suppose 5*h - 25 = 0, -5*k - 3*h + 6*h - 345 = 0. Let g = k - j. Give n(g).
5
Suppose -n + 3 = 2*n. Let d(a) = -9*a**2 - 1579*a - 1652*a + 3228*a + 2. Give d(n).
-10
Suppose 119*l + 28*l - 2205 = 0. Let s(c) = -c**3 + 16*c**2 - 12*c - 17. What is s(l)?
28
Let d(a) = -2*a - 11. Suppose -20*w + 3*l - 40 = -25*w, 3*l - 8 = -w. Give d(w).
-27
Let c(y) = y**2 - 22*y + 114. Let k(f) = -3*f**3 - 23*f**2 - 29*f + 17. Let p be k(-6). Determine c(p).
-7
Let x(o) = -2*o**2 + o + 1. Let w = -279 - -288. Suppose -w*n + 26 = -d - 4*n, 3*n - 17 = 2*d. Calculate x(d).
-2
Let s be (14/(-2) - 2)*6/9. Let l be 4 - (-65)/(-15) - 20/s. Let m(b) = 22*b + 0*b**2 - l + b**2 - 20*b. Determine m(2).
5
Suppose 3 = -2*r + 11. Let y(g) be the second derivative of 5/12*g**4 - 1 - 1/20*g**5 - 5/6*g**3 + 0*g**2 + 74*g. Determine y(r).
-4
Let t = 62 - 25. Suppose -5*f = -2*p - 50, -3*f + 3*p + t + 2 = 0. Let z(n) = n**2 + 14 - f + 6*n + 0. What is z(-6)?
6
Suppose s = g + 18 - 8, 2*s = 5*g + 41. Let j(r) = 7*r. What is j(g)?
-49
Let k(n) be the third derivative of 11*n**4/24 - 53*n**3/3 + 5909*n**2 + 1. Determine k(14).
48
Let b(l) = -938*l - 2*l**3 - 10*l**2 - 2 - 945*l + 2813*l - 933*l. What is b(-4)?
-22
Let q(p) = p**2 + 59*p - 6. Let o(u) = 30*u - 5. Let l(a) = 7*o(a) - 4*q(a). Give l(-6).
1
Let i(h) be the third derivative of -h**5/5 + h**4/12 - h**3/3 - 27*h**2 - h. Calculate i(2).
-46
Suppose -1564 = 51*p - 1717. Let l(r) = 4*r**2 + 0 + 3 - 4*r - 3*r**2. What is l(p)?
0
Let c(o) be the first derivative of -o**5/60 - 7*o**4/24 + 14*o**3 - 80. Let s(h) be the third derivative of c(h). Suppose 0*k + 4*k + 24 = 0. What is s(k)?
5
Let i(t) = -t**2 + 7*t. Suppose 5*h = 2*m + 865, 6*m + 2*h = 9*m + 1303. Let k = 442 + m. What is i(k)?
0
Let h = 136 - 115. Let d(q) = 37*q + 6 - 1 - 30*q - h*q - 2. Give d(2).
-25
Let f(b) be the second derivative of -b**3/6 - 7*b**2/2 - 3*b - 27. Let j be (1/2)/(4/(-56)). Let t be f(j). Let x(y) = -y**3 - y + 8. Calculate x(t).
8
Let x(n) = -544 + 7*n**3 - 6*n**3 - 7*n**2 + n + 4*n + 549. Suppose 4*c - 3 = 17. Let t be (c/15)/(2/36). What is x(t)?
-1
Let a(y) = 3 - y**3 + 0*y**3 - y + 14 + 15*y**2 - 6. Suppose 18*v - 57 - 213 = 0. Determine a(v).
-4
Let o be 4/12 + 7/(-3). Let q(i) be the first derivative of -3*i**4/2 - i**3 - i**2/2 + 2*i - 5952. What is q(o)?
40
Let l be (-2 + 15/9)*-6. Let h(r) = 15*r**l - 5*r**2 + 8*r - 9*r**2 + 9. Let k = 140 - 148. What is h(k)?
9
Let i(o) = -3*o**2 - 2*o - 2. Let f(r) = -r**2 - 11*r + 19 + 2*r - 4*r - 7. Let z be f(-5). Let q = z - 54. What is i(q)?
-10
Let r(d) be the second derivative of -8*d**5/5 + d**4/6 + d**3/3 + d**2/2 - 21*d. Calculate r(-1).
33
Let a(k) = 3*k**3 - 34*k**2 - 4*k + 13. Let z(j) = -10*j**2 - j + 1 + 4 + 2*j**3 - 7*j**3 - 1 + 6*j**3. Let b(q) = 2*a(q) - 7*z(q). Give b(-2).
16
Suppose -8*j = 40*j - 9120. Let n(q) = 7*q**2 - j - q**3 - 14*q + 175 + 10*q. Determine n(6).
-3
Suppose -8*f + 4*f = 4*q - 64, 3*q - 52 = -5*f. Suppose 0 = -i + q + 7. Suppose -i*m = -18*m + 3. Let l(w) = 3*w**3 + w**2 + w + 1. Give l(m).
-2
Suppose -30*x + 520 = 99*x - 259*x. Let d(y) = -4*y**2 + 3. Let l(w) = -w**2. Let n(i) = d(i) - 3*l(i). Give n(x).
-13
Let u(h) = 2*h - 8. Suppose -26 - 34 = -4*j. Let v = j - 9. Calculate u(v).
4
Let z(r) = -9*r - 41. Suppose 0 = 3*d - 2*t - 4, -61*t - 16 = -59*t. Give z(d).
-5
Let j(o) = o**3 + 6*o**2 - o - 7. Let u be (((-4)/10)/((-2)/(-10)))/(754/1885). What is j(u)?
23
Suppose o + 0*j - j = 1, -3*o = -5*j - 5. Let m(q) = 0*q**2 + 8*q - q**2 + o + 3 - q. Let w be ((-12)/2)/(168/(-112)) + 1. What is m(w)?
13
Let n(c) = c**2 + 52*c + 620. Let j be n(-18). Let u(y) be the second derivative of 0*y**3 + 0 - j*y - 1/12*y**4 - 2*y**2. Calculate u(-3).
-13
Let p(c) = 11*c**2 + 9*c - 6. Let s(h) = 5*h**2 + 4*h - 3. Let t(v) = 6*p(v) - 13*s(v). Let j(n) = 32*n**2 + 353*n + 7. Let x be j(-11). What is t(x)?
11
Let z(f) = f - 4. Let m = -2 + 9. Let p be z(m). Let v(b) be the third derivative of -b**6/120 + b**5/60 + b**4/8 + b**3/3 - 282*b**2 - b. What is v(p)?
-7
Let g be 1/4 - (-3 - 15/(-12)). Let h be ((-3)/3)/(g/(-8)). Let n(o) be the first derivative of -o**4/4 + 4*o**3/3 + o**2/2 - 4*o - 2. Calculate n(h).
0
Let i(j) = 66*j - 1261. Let x(d) = -46*d + 841. Let k(r) = 5*i(r) + 7*x(r). Give k(53).
6
Let b(f) = -8*f**2 - 33*f + 89. Let y be b(-6). Let p(m) = -m - 7*m**2 + 36*m**3 - m**2 + 5*m**2 + m**2. Determine p(y).
-37
Let b(s) = s**3 - 10*s**2 - 9*s + 19. Let t(c) = 3*c**3 - 41*c**2 - 26*c + 56. Let r(o) = 7*b(o) - 2*t(o). Determine r(-13).
-5
Let s(b) = b**3 - b**2 + 2*b - 1. Let p(v) be the second derivative of -v**5/5 + 2*v**4/3 - 2*v**3 - v**2 + v - 3. Let h(c) = -p(c) - 3*s(c). Determine h(5).
35
Let g(d) = 6*d + 4. Let c(o) = -1. Let u be ((-7 - 2) + 2*2)*-1. Let p(k) = u*c(k) + g(k). What is p(1)?
5
Let a be ((12/7)/1)/(2/7). Let n(l) be the first derivative of -4 + 8*l + 1/3*l**3 - 9/2*l**2. Calculate n(a).
-10
Let h(o) be the first derivative of o**2 + 177 - 1/4*o**4 + 1/3*o**3 + 5*o. Determine h(3).
-7
Let m(f) = f**3 + 6*f**2 + 2*f - 3. Let a be m(-5). Let c = 16 - a. Let j(s) = -s**3 + 5*s**2 - 6*s + 3. Let g be j(c). Let i(x) = -x - 3. Calculate i(g).
2
Let l(s) = -2*s**2 + 26*s - 1. Suppose j + 1 = 2*f, 0 = f + 8 - 15. Determine l(j).
-1
Let i(v) = v**2 + 7*v - 14. Let w = -466 - -457. What is i(w)?
4
Suppose 10*s - 10 = 5*s. Let t(o) = 8*o**3 - s*o + 3*o**3 - 10*o**3. Let i(w) = w + 5. Let y be i(-3). Give t(y).
4
Let h = -8138 - -8131. Let o(u) = -1 - u**2 - 3 - 1 - 7*u. What is o(h)?
-5
Let q(y) be the third derivative of -1/2*y**3 + 0*y + 16*y**2 - 1/4*y**4 - 5 + 1/60*y**5. Calculate q(6).
-3
Let p(n) = -n**3 + 487*n**2 - 331*n - 152. Let u(v) = v**3 - 390*v**2 + 265*v + 121. Let y(a) = -13*p(a) - 16*u(a). Calculate y(-31).
9
Let n(y) = -7*y**2 + y + 10. Let x(z) = 5*z**2 - 2*z - 9. Let i(l) = 2*n(l) + 3*x(l). Determine i(-7).
70
Let b(r) = r**2 + 3 + 2 - 2*r + 6*r. Suppose 49*p - 2487 = 52*p. Let n = p + 825. Give b(n).
5
Let d(x) = -x**3 - 1. Let s(v) = -4*v**3 - v - 1. Let f(j) = -5*d(j) + s(j). Let z be 9/(27/39) - 3. Let k be 5/z*-1*(0 + 0). Calculate f(k).
4
Let o(b) = 16*b - 204. Let t(a) = -421*a - 7986. Let z be t(-19). Give o(z).
4
Let t(q) = 3*q**2 - 45*q + 5. Let j(s) = 2*s**3 + s**2 + 48*s - 101. Let f be j(2). What is t(f)?
5
Let z(o) = 7*o**3 - 5*o + 3. Let s = 2249 + -2247. What is z(s)?
49
Let p(u) = u**3 - 6*u**2 + 5*u - 4. Let k(o) = -o**2 + 10*o - 12. Let g be k(8). Suppose -g*v = 43 - 199. Let r = v + -34. Give p(r).
-4
Let t be 3/8 + (-171)/72. Let m(o) be the third derivative of -o**5/30 + o**3/3 - 926*o**2 - 2*o. Determine m(t).
-6
Let o(k) = k**2 + k + 11. Suppose 3*r + 2*u - 3014 = 0, 4*r + 19*u - 17*u = 4016. Let l = r - 1002. Determine o(l).
11
Let f(i) = -2*i + 6. Let r = 209 + -214. Let s(z) = 2*z - 6. Suppose 3*x + 0*x + 12 = 0. Let l(m) = r*s(m) + x*f(m). What is l(6)?
-6
Let w(d) = 3*d**2 + 4*d**3 + 18 + 2*d**3 + d 